{"id":196,"date":"2024-05-21T15:54:24","date_gmt":"2024-05-21T15:54:24","guid":{"rendered":"https:\/\/mycardterms.com\/cimimart\/?page_id=196"},"modified":"2025-02-17T21:58:07","modified_gmt":"2025-02-17T21:58:07","slug":"consejos-de-uso-preguntas-frecuentes","status":"publish","type":"page","link":"https:\/\/mycardterms.com\/seaworld\/es-mx\/inicio\/consejos-de-uso-preguntas-frecuentes\/","title":{"rendered":"Recomendaciones sobre el uso de la Tarjeta (Preguntas frecuentes)"},"content":{"rendered":"<h2>Recomendaciones sobre el uso de la Tarjeta (Preguntas frecuentes)<\/h2>\n<p>Su tarjeta de regalo SeaWorld debe proporcionar una experiencia agradable en los parques de las marcas participantes. Utilizar su Tarjeta de Regalo ser\u00e1 m\u00e1s sencillo si tiene en cuenta las siguientes Recomendaciones sobre el uso de la Tarjeta, dise\u00f1adas para abordar las preguntas frecuentes. Haga clic en el t\u00edtulo para mostrar la recomendaci\u00f3n.<\/p>\n","protected":false},"excerpt":{"rendered":"<p>Recomendaciones sobre el uso de la Tarjeta (Preguntas frecuentes) Su tarjeta de regalo SeaWorld debe proporcionar una experiencia agradable en los parques de las marcas participantes. Utilizar su Tarjeta de Regalo ser\u00e1 m\u00e1s sencillo si tiene en cuenta las siguientes Recomendaciones sobre el uso de la Tarjeta, dise\u00f1adas para abordar las preguntas frecuentes. Haga clic [&hellip;]<\/p>\n","protected":false},"author":2,"featured_media":0,"parent":186,"menu_order":0,"comment_status":"closed","ping_status":"closed","template":"tips-page.php","meta":{"_acf_changed":false,"footnotes":""},"class_list":["post-196","page","type-page","status-publish","hentry"],"acf":[],"_links":{"self":[{"href":"https:\/\/mycardterms.com\/seaworld\/wp-json\/wp\/v2\/pages\/196","targetHints":{"allow":["GET"]}}],"collection":[{"href":"https:\/\/mycardterms.com\/seaworld\/wp-json\/wp\/v2\/pages"}],"about":[{"href":"https:\/\/mycardterms.com\/seaworld\/wp-json\/wp\/v2\/types\/page"}],"author":[{"embeddable":true,"href":"https:\/\/mycardterms.com\/seaworld\/wp-json\/wp\/v2\/users\/2"}],"replies":[{"embeddable":true,"href":"https:\/\/mycardterms.com\/seaworld\/wp-json\/wp\/v2\/comments?post=196"}],"version-history":[{"count":0,"href":"https:\/\/mycardterms.com\/seaworld\/wp-json\/wp\/v2\/pages\/196\/revisions"}],"up":[{"embeddable":true,"href":"https:\/\/mycardterms.com\/seaworld\/wp-json\/wp\/v2\/pages\/186"}],"wp:attachment":[{"href":"https:\/\/mycardterms.com\/seaworld\/wp-json\/wp\/v2\/media?parent=196"}],"curies":[{"name":"wp","href":"https:\/\/api.w.org\/{rel}","templated":true}]}}