{"id":194,"date":"2024-05-21T15:52:39","date_gmt":"2024-05-21T15:52:39","guid":{"rendered":"https:\/\/mycardterms.com\/cimimart\/?page_id=194"},"modified":"2025-01-22T17:04:27","modified_gmt":"2025-01-22T17:04:27","slug":"otros-terminos","status":"publish","type":"page","link":"https:\/\/mycardterms.com\/seaworld\/es-mx\/otros-terminos\/","title":{"rendered":"Otros t\u00e9rminos"},"content":{"rendered":"<h2>Compras de Tarjetas de regalo en l\u00ednea y canjes de Tarjetas de regalo en l\u00ednea<\/h2>\n<p>El Emisor de la Tarjeta proporciona los T\u00e9rminos de la Tarjeta de Regalo que se detallan en este sitio web y son espec\u00edficos de las Tarjetas de regalo.<\/p>\n<p>Los consumidores pueden comprar las Tarjetas regalo en l\u00ednea en <a href=\"http:\/\/seaworld.com\" target=\"_blank\" rel=\"noopener\">SeaWorld.com<\/a> (el \u201cSitio de compra en l\u00ednea\u201d).\u00a0 Las compras en l\u00ednea estar\u00e1n sujetas a los t\u00e9rminos de compra y entrega especificados en el Sitio de compra en l\u00ednea. Estos t\u00e9rminos son independientes de los T\u00e9rminos para las Tarjetas de regalo. Pueden encontrarse en <a href=\"https:\/\/unitedparks.com\/policies\/terms-and-conditions\/\" target=\"_blank\" rel=\"noopener\">T\u00e9rminos y condiciones de United Parks &amp; Resorts<\/a>.<\/p>\n<p>Las Tarjetas de regalo se pueden canjear en l\u00ednea para comprar productos en SeaWorld y otros parques de las marcas participantes (el \u201cSitio de canjes en l\u00ednea\u201d). Las compras en l\u00ednea estar\u00e1n sujetas a los t\u00e9rminos de servicio especificados en el Sitio de Canjes en L\u00ednea. Estos t\u00e9rminos son independientes de los T\u00e9rminos para las Tarjetas de regalo. Pueden encontrarse en <a href=\"https:\/\/unitedparks.com\/policies\/terms-and-conditions\/\" target=\"_blank\" rel=\"noopener\">T\u00e9rminos y condiciones de United Parks &amp; Resorts<\/a>.<\/p>\n","protected":false},"excerpt":{"rendered":"<p>Compras de Tarjetas de regalo en l\u00ednea y canjes de Tarjetas de regalo en l\u00ednea El Emisor de la Tarjeta proporciona los T\u00e9rminos de la Tarjeta de Regalo que se detallan en este sitio web y son espec\u00edficos de las Tarjetas de regalo. Los consumidores pueden comprar las Tarjetas regalo en l\u00ednea en SeaWorld.com (el [&hellip;]<\/p>\n","protected":false},"author":2,"featured_media":0,"parent":0,"menu_order":0,"comment_status":"closed","ping_status":"closed","template":"","meta":{"_acf_changed":false,"footnotes":""},"class_list":["post-194","page","type-page","status-publish","hentry"],"acf":[],"_links":{"self":[{"href":"https:\/\/mycardterms.com\/seaworld\/wp-json\/wp\/v2\/pages\/194","targetHints":{"allow":["GET"]}}],"collection":[{"href":"https:\/\/mycardterms.com\/seaworld\/wp-json\/wp\/v2\/pages"}],"about":[{"href":"https:\/\/mycardterms.com\/seaworld\/wp-json\/wp\/v2\/types\/page"}],"author":[{"embeddable":true,"href":"https:\/\/mycardterms.com\/seaworld\/wp-json\/wp\/v2\/users\/2"}],"replies":[{"embeddable":true,"href":"https:\/\/mycardterms.com\/seaworld\/wp-json\/wp\/v2\/comments?post=194"}],"version-history":[{"count":0,"href":"https:\/\/mycardterms.com\/seaworld\/wp-json\/wp\/v2\/pages\/194\/revisions"}],"wp:attachment":[{"href":"https:\/\/mycardterms.com\/seaworld\/wp-json\/wp\/v2\/media?parent=194"}],"curies":[{"name":"wp","href":"https:\/\/api.w.org\/{rel}","templated":true}]}}