{"id":191,"date":"2024-05-21T15:44:50","date_gmt":"2024-05-21T15:44:50","guid":{"rendered":"https:\/\/mycardterms.com\/cimimart\/?page_id=191"},"modified":"2025-02-18T19:53:51","modified_gmt":"2025-02-18T19:53:51","slug":"terminos-completos","status":"publish","type":"page","link":"https:\/\/mycardterms.com\/seaworld\/es-mx\/inicio\/terminos-completos\/","title":{"rendered":"T\u00e9rminos y condiciones de la Tarjeta de Regalo"},"content":{"rendered":"<p>A diciembre de 2020.<\/p>\n<h3><b>T\u00e9rminos de la Tarjeta<\/b><\/h3>\n<p>Estos t\u00e9rminos y condiciones (los \u201cT\u00e9rminos\u201d) rigen las Tarjetas de regalo SeaWorld (cada una de ellas una \u201cTarjeta de Regalo\u201d) y constituyen un contrato legalmente vinculante entre el Emisor de la Tarjeta y usted (el \u201cContrato\u201d). Su compra, uso o aceptaci\u00f3n de una Tarjeta de Regalo constituye su aceptaci\u00f3n de los T\u00e9rminos. Si no est\u00e1 de acuerdo con alguno de los T\u00e9rminos, no compre ni acepte una Tarjeta de Regalo. Su Tarjeta SeaWorld:<\/p>\n<ul>\n<li>\u2022 SOLO se puede canjear hasta el saldo disponible de su tarjeta de regalo. Si desea utilizar su tarjeta para realizar compras que superen el saldo, debe combinar el uso de la tarjeta con otra forma de pago aceptable, no con una tarjeta de regalo.<\/li>\n<li>Es canjeable para comprar bienes y\/o servicios SOLO en las ubicaciones de SeaWorld y marcas participantes y autorizadas. Por lo tanto, su tarjeta de regalo no se puede canjear en otros comercios. NO se puede canjear para comprar billetes de loter\u00eda o giros postales.<\/li>\n<li>Es canjeable para comprar SOLO bienes y\/o servicios. Por lo tanto, salvo que la ley exija lo contrario, su tarjeta de regalo no se puede canjear por dinero en efectivo ni por cr\u00e9dito. Consulte <a href=\"https:\/\/mycardterms.com\/seaworld\/es\/inicio\/consejos-de-uso-preguntas-frecuentes\/\">Recomendaciones de uso<\/a>.<\/li>\n<li>NO est\u00e1 sujeta a sustituci\u00f3n en caso de p\u00e9rdida, robo o da\u00f1o. Por lo tanto, asumir\u00e1 el riesgo de p\u00e9rdida de una tarjeta de regalo perdida, robada o da\u00f1ada.<\/li>\n<\/ul>\n<p>Todos los t\u00e9rminos y condiciones que rigen la tarjeta de regalo son nulos donde lo proh\u00edba la ley. Para ver los T\u00e9rminos adicionales y una lista de ubicaciones de canje, visite <a href=\"https:\/\/unitedparks.com\/giftcards\/\" target=\"_blank\" rel=\"noopener\">United Parks &amp; Resorts<\/a>.<\/p>\n<span id=\"copy2\"><\/span> <button class=\"btn-copy\" data-label=\"Card back gift card Terms\">Persona con discapacidad visual: Copiar los t\u00e9rminos completos de la tarjeta de regalo al portapapeles<\/button>\n<div class=\"wp-caption\" style=\"width: 322px\">\n<p>Devoluci\u00f3n de la Tarjeta f\u00edsica (a diciembre de 2020)<br \/>\n<img decoding=\"async\" class=\"size-medium wp-image-71\" src=\"https:\/\/mycardterms.com\/seaworld\/wp-content\/uploads\/sites\/88\/2024\/10\/SEA_UPAR_Digital-Gift-Card.png\" alt=\"\" width=\"290\" \/><\/p>\n<div class=\"wp-caption-text\"><img loading=\"lazy\" decoding=\"async\" class=\"alignnone size-medium wp-image-986\" src=\"https:\/\/mycardterms.com\/seaworld\/wp-content\/uploads\/sites\/88\/2025\/02\/SeaWorld-GC-Cardback-2024-10-04-120747-300x169.png\" alt=\"\" width=\"300\" height=\"181\" \/><\/div>\n<div class=\"wp-caption-text\"><span id=\"copy3\"> T\u00e9rminos: Se puede utilizar hasta el saldo para comprar bienes y servicios seleccionados en los parques de las otras marcas participantes o en l\u00ednea. No se puede canjear por dinero en efectivo salvo que lo exija la ley. No se reemplazar\u00e1 ni repondr\u00e1 si se pierde, es robada o se usa sin autorizaci\u00f3n. SeaWorld of Florida LLC, \u201cSeaWorld\u201d es el emisor de la Tarjeta y el \u00fanico deudor ante el titular de la tarjeta. SeaWorld puede delegar sus obligaciones de emisor a un cesionario, sin recurso. Si se delega, el cesionario, y no SeaWorld, ser\u00e1 el \u00fanico deudor ante el Titular de la Tarjeta. La compra, uso o aceptaci\u00f3n de la Tarjeta constituye la aceptaci\u00f3n de los T\u00e9rminos. Para consultas de saldo\/servicio al cliente, llame al 1-855-620-5750. Para conocer las ubicaciones participantes y otros T\u00e9rminos, visite: seaworldentertainment.com\/giftcards<\/span> <button class=\"btn-copy\" data-label=\"Card back text\">Persona con discapacidad visual: Copiar texto de la tarjeta al portapapeles<\/button><\/div>\n<\/div>\n","protected":false},"excerpt":{"rendered":"<p>A diciembre de 2020. T\u00e9rminos de la Tarjeta Estos t\u00e9rminos y condiciones (los \u201cT\u00e9rminos\u201d) rigen las Tarjetas de regalo SeaWorld (cada una de ellas una \u201cTarjeta de Regalo\u201d) y constituyen un contrato legalmente vinculante entre el Emisor de la Tarjeta y usted (el \u201cContrato\u201d). Su compra, uso o aceptaci\u00f3n de una Tarjeta de Regalo constituye [&hellip;]<\/p>\n","protected":false},"author":2,"featured_media":0,"parent":186,"menu_order":0,"comment_status":"closed","ping_status":"closed","template":"","meta":{"_acf_changed":false,"footnotes":""},"class_list":["post-191","page","type-page","status-publish","hentry"],"acf":[],"_links":{"self":[{"href":"https:\/\/mycardterms.com\/seaworld\/wp-json\/wp\/v2\/pages\/191","targetHints":{"allow":["GET"]}}],"collection":[{"href":"https:\/\/mycardterms.com\/seaworld\/wp-json\/wp\/v2\/pages"}],"about":[{"href":"https:\/\/mycardterms.com\/seaworld\/wp-json\/wp\/v2\/types\/page"}],"author":[{"embeddable":true,"href":"https:\/\/mycardterms.com\/seaworld\/wp-json\/wp\/v2\/users\/2"}],"replies":[{"embeddable":true,"href":"https:\/\/mycardterms.com\/seaworld\/wp-json\/wp\/v2\/comments?post=191"}],"version-history":[{"count":0,"href":"https:\/\/mycardterms.com\/seaworld\/wp-json\/wp\/v2\/pages\/191\/revisions"}],"up":[{"embeddable":true,"href":"https:\/\/mycardterms.com\/seaworld\/wp-json\/wp\/v2\/pages\/186"}],"wp:attachment":[{"href":"https:\/\/mycardterms.com\/seaworld\/wp-json\/wp\/v2\/media?parent=191"}],"curies":[{"name":"wp","href":"https:\/\/api.w.org\/{rel}","templated":true}]}}