{"id":188,"date":"2024-05-21T15:41:16","date_gmt":"2024-05-21T15:41:16","guid":{"rendered":"https:\/\/mycardterms.com\/cimimart\/?page_id=188"},"modified":"2025-01-22T15:59:49","modified_gmt":"2025-01-22T15:59:49","slug":"emisor-de-la-tarjeta","status":"publish","type":"page","link":"https:\/\/mycardterms.com\/seaworld\/es-mx\/emisor-de-la-tarjeta\/","title":{"rendered":"Emisor de la Tarjeta"},"content":{"rendered":"<h2>El Emisor de su Tarjeta de Regalo<\/h2>\n<p>SeaWorld of Florida, LLC o su filial (el \u201cEmisor de la Tarjeta\u201d) es el emisor de las Tarjetas de regalo del programa de Tarjetas de regalo SeaWorld. Como Emisor de la Tarjeta, SeaWorld of Florida, LLC es el \u00fanico deudor ante los titulares de la tarjeta. Su parte contractual para la Tarjeta de Regalo es el Emisor de la Tarjeta. Su Tarjeta de Regalo puede canjearse en las ubicaciones de las marcas participantes. SeaWorld distribuye y\/o vende las Tarjetas de regalo, y los titulares de las Tarjetas pueden canjearlas para comprar bienes y\/o servicios en las ubicaciones de las marcas participantes.<\/p>\n<p>El Emisor de la Tarjeta puede ceder su funci\u00f3n, responsabilidades y deberes de emisi\u00f3n. Tras dicha cesi\u00f3n, el cesionario se convertir\u00e1 en el Emisor de Tarjetas de regalo y en el deudor de las Tarjetas de regalo. Cualquier cesi\u00f3n de este tipo tendr\u00e1 lugar sin previo aviso a los titulares de tarjetas. Si los t\u00e9rminos y condiciones as\u00ed lo establecen, la cesi\u00f3n ser\u00e1 sin recurso al Emisor de la Tarjeta, el cesionario se convertir\u00e1 en el \u00fanico deudor con respecto a las Tarjetas de regalo desde el momento de la cesi\u00f3n, y SeaWorld of Florida, LLC dejar\u00e1 de ser un deudor con respecto a las Tarjetas de regalo.<\/p>\n","protected":false},"excerpt":{"rendered":"<p>El Emisor de su Tarjeta de Regalo SeaWorld of Florida, LLC o su filial (el \u201cEmisor de la Tarjeta\u201d) es el emisor de las Tarjetas de regalo del programa de Tarjetas de regalo SeaWorld. Como Emisor de la Tarjeta, SeaWorld of Florida, LLC es el \u00fanico deudor ante los titulares de la tarjeta. Su parte [&hellip;]<\/p>\n","protected":false},"author":2,"featured_media":0,"parent":0,"menu_order":0,"comment_status":"closed","ping_status":"closed","template":"","meta":{"_acf_changed":false,"footnotes":""},"class_list":["post-188","page","type-page","status-publish","hentry"],"acf":[],"_links":{"self":[{"href":"https:\/\/mycardterms.com\/seaworld\/wp-json\/wp\/v2\/pages\/188","targetHints":{"allow":["GET"]}}],"collection":[{"href":"https:\/\/mycardterms.com\/seaworld\/wp-json\/wp\/v2\/pages"}],"about":[{"href":"https:\/\/mycardterms.com\/seaworld\/wp-json\/wp\/v2\/types\/page"}],"author":[{"embeddable":true,"href":"https:\/\/mycardterms.com\/seaworld\/wp-json\/wp\/v2\/users\/2"}],"replies":[{"embeddable":true,"href":"https:\/\/mycardterms.com\/seaworld\/wp-json\/wp\/v2\/comments?post=188"}],"version-history":[{"count":0,"href":"https:\/\/mycardterms.com\/seaworld\/wp-json\/wp\/v2\/pages\/188\/revisions"}],"wp:attachment":[{"href":"https:\/\/mycardterms.com\/seaworld\/wp-json\/wp\/v2\/media?parent=188"}],"curies":[{"name":"wp","href":"https:\/\/api.w.org\/{rel}","templated":true}]}}